 24. What is the units digit of (-1)/1 + (1 - s)?
6
Let o(t) = -t**2 + 1. Let v be o(3). Let q = v + 26. What is the tens digit of q?
1
Let c = -2 + -1. Let o = 1 - c. Let z = 6 - o. What is the units digit of z?
2
Let r(i) = i**3 - 3*i**2 - 9*i. What is the units digit of r(6)?
4
Suppose 100 = -t + 5*t. What is the tens digit of t?
2
Suppose -4*o - 3*w = -3*o - 37, -4*o + 176 = -2*w. What is the units digit of o?
3
Let r(d) = -d**3 - 7*d**2 - 9*d. Let f be r(-6). Let z be (f/(-12))/(1/2). Let g(i) = i**3 + 3*i**2 - 2*i - 4. What is the units digit of g(z)?
2
Let d(k) = -2*k - 5. Let g(z) = -1. Let c(b) = d(b) + 4*g(b). What is the units digit of c(-7)?
5
Suppose 175 = 8*n - 3*n. What is the units digit of n?
5
Suppose 0 = 6*d - 2*d. Suppose d = l - 11. What is the tens digit of l?
1
Let b be -7 - (2 - 5) - 0. What is the units digit of b*(-3 + -2) - -1?
1
Let l(y) = 17*y - 25. What is the tens digit of l(15)?
3
Suppose 0 = -g - 2*t - 5, -4*g + 2*t + 30 = -0*t. What is the units digit of g?
5
Suppose 2*u + 66 = -5*d + 289, -4*u - 184 = -4*d. What is the units digit of d?
5
Let n(r) = r**2 - r - 15. What is the tens digit of n(-8)?
5
Let m(k) = k**2 + 8*k - 4. Let n be m(-8). What is the units digit of n/6 + (-656)/(-12)?
4
Let j = 9 - 4. Suppose -2*x - x - 5 = j*w, -w + 2*x - 14 = 0. What is the tens digit of w/(-4) - 4*-3?
1
What is the units digit of 12/(-30) + (-1194)/(-10)?
9
Let w(c) = c + 2. Let s be w(0). Let n be ((-5)/4)/((-1)/16). Suppose -2*p + 12 = s, 0 = -5*l + 4*p + n. What is the units digit of l?
8
What is the units digit of (-5*4/(-10))/2?
1
Suppose 6 = 3*f - 6. Suppose 3*r + 10 = f*r. Let b = r - 6. What is the units digit of b?
4
Suppose -3 = -y + 2*y. Let v = 9 - y. Let w = v + -4. What is the units digit of w?
8
Let m(s) = s**3 - 7*s**2 - 8*s + 8. Let d be ((-16)/5)/(10/(-25)). What is the units digit of m(d)?
8
Let d(r) = r**3 - 16*r**2 + 17*r + 27. What is the units digit of d(15)?
7
Let d(a) = a**3 + 14*a**2 - 6*a - 17. What is the units digit of d(-14)?
7
Let s be (8/10)/(2/295). What is the units digit of (-4)/16*s*-2?
9
Suppose -2*d + 4*d - 756 = 0. What is the hundreds digit of d?
3
Suppose -139 = -4*m + 53. Suppose m = -2*p - 2*d, 3*p + d = -0*d - 70. What is the tens digit of (-2)/((-2)/(-3)) - p?
2
Suppose 4*l = -r + 3719, 5 = 2*r - 1. Suppose l + 127 = -4*j. What is the tens digit of j/(-20) + (-3)/15?
1
Suppose s = 104 + 6. What is the hundreds digit of s?
1
What is the units digit of (52/2 - -3) + -1?
8
Let j(v) = -26*v - 9. What is the hundreds digit of j(-5)?
1
Suppose -139 = -0*u - 2*u + 5*b, 3*u = 3*b + 231. What is the units digit of u?
2
Suppose -h = p, -5*p - 11 = -5*h + 9. Suppose 5*s = 3*o - 2*o + 24, o + h*s - 4 = 0. Let i = 3 - o. What is the units digit of i?
7
Suppose 3 = 5*d - 2*q - 13, -5*q - 17 = -d. Suppose -2*p + 83 = 5*g, 2*g - d*p = -p + 35. What is the units digit of g?
7
Let t be (-10 - -3) + (0 - 1). What is the tens digit of 12/t*(-104)/6?
2
Let g be (-3)/(-2)*4/(-6). Let h(y) = -9*y - 1. Let r be h(g). Let w = -6 + r. What is the units digit of w?
2
Let q = 30 - -31. What is the units digit of q?
1
Suppose 0 = q - 0 + 3. What is the tens digit of (4 + 172/(-12))*q?
3
Suppose -1 = z, -4*z + 10 = -3*v - 4. Let p(c) = -c**2 - 7*c + 6. What is the units digit of p(v)?
2
Let x(l) = -l**2 - 4*l + 3. Let m be x(-4). Let h(n) = -3*n**3 - 4*n**2 - n + 2. Let u be h(-1). Suppose u*z + 9 = m*z. What is the units digit of z?
9
Let a = 3 - 24. Let p = 7 - 19. Let g = p - a. What is the units digit of g?
9
Let p = 444 - 218. What is the tens digit of p?
2
What is the units digit of 660/77 - 3/(-7)?
9
Let y(f) = -f**2 + 10*f - 2. Let z be -2 - -12 - (5 + -2). What is the tens digit of y(z)?
1
Suppose y - 4 = 0, y - 10 + 2 = -2*t. Suppose 0 = t*c + 3*c - 20. What is the units digit of c?
4
Suppose -3*h + 40 = h. Suppose b - h + 1 = 5*u, -4*b = -16. What is the units digit of (9/12)/(u/(-12))?
9
Suppose 2*f + 2*f = 20. Let u = 18 - f. What is the units digit of u?
3
Let i be (-1*(0 + -3))/1. Suppose 3*z + i*q = 51, 11 = -2*z + 3*z - 5*q. What is the tens digit of z?
1
Let i = -25 + 25. Suppose 7*r - 2*r - 260 = i. What is the tens digit of r?
5
Let g(b) = 8*b**2 - 4*b + 1. What is the units digit of g(5)?
1
Suppose -5*b = -5*d + 140, -3*d - 130 = -8*d - 5*b. What is the units digit of d?
7
Let m(a) = -7*a + 7 + 0 - a**2 - 2*a - 3*a. What is the units digit of m(-11)?
8
Let g(f) = -12*f**3 + f**2 + f + 1. Let c be g(-1). Suppose -4*w = -c - 27. Let x = -5 + w. What is the units digit of x?
5
Let u be (-1)/(2/(-26) - 0). Suppose h - 2 = -0*h. Suppose 0 = r + 4*w - u, 0 = h*r + w - 3*w - 6. What is the units digit of r?
5
Suppose 3*u = 3*y - 0*y + 15, 46 = 5*u + 2*y. What is the units digit of u?
8
Let z(w) = w**2 + 6*w - 7. Let a be z(-7). Suppose 3*f - 5*s = -16, 2*s - 13 + a = -f. What is the units digit of f?
3
Let z = 198 + -189. What is the units digit of z?
9
Let z(y) = 2*y**2 - 2*y + 1. Suppose v + 5*i = 4*i + 6, 0 = -5*i + 10. Suppose 2*f - x - v = 0, -3*x = -f - 2*x + 3. What is the units digit of z(f)?
1
Let j = -12 + 36. What is the tens digit of j?
2
Let d = 25 + -39. Let s be (-28)/12*(1 - -5). What is the units digit of (-60)/d + 4/s?
4
Suppose 5*o - 11*o + 480 = 0. What is the tens digit of o?
8
Let i = 14 - 11. Let q(j) = j**2 + 7*j + 6. Let y be q(-6). Suppose i*z - 37 - 11 = y. What is the tens digit of z?
1
Suppose 0 = -2*l + 83 - 29. What is the units digit of l?
7
Suppose 154*k + 705 = 159*k. What is the units digit of k?
1
Let c(v) = 3 - 4*v + v**3 - 2*v - 5*v**2 - 1. Let s be c(6). Suppose -a + 10*o - 5*o + 21 = 0, -s*a - 3*o = -3. What is the units digit of a?
6
Let t = -92 - -227. What is the units digit of t?
5
Suppose 0 = -r - 0*r + 5. Suppose 4*d = -r*i + 106 - 16, -5*i = -3*d - 55. What is the tens digit of i?
1
Suppose -5*l + 4*n - 44 = 0, -7 = 3*l + 3*n + 14. What is the units digit of 67/13 + l/52?
5
Let a(x) = -6*x**2 + 63*x. What is the tens digit of a(9)?
8
Let p(b) be the third derivative of -b**5/60 + b**4/4 + 5*b**3/3 - b**2. Let h be p(7). What is the units digit of (0 - h/3)*-5?
5
Let l be (-4)/(16/(-9))*-4. Let b be (2 - 11) + (-12)/(-3). Let k = b - l. What is the units digit of k?
4
Let r(j) = -j - 8. Let q be r(-8). Suppose 5*f + 5*x + 30 = q, 3*f - 7 = -0*f + 2*x. Let k = 3 + f. What is the units digit of k?
2
Let z(p) = 8*p - 3. What is the units digit of z(1)?
5
Let n = -31 + 106. What is the units digit of n?
5
Suppose 0 = 4*g + 3*u - 2, -g + 5*u + 16 = 2*g. Let t be (-1)/g - (-27)/6. Let j = t + 5. What is the units digit of j?
9
Suppose -453 = -4*j + l, -189 - 147 = -3*j + 2*l. What is the units digit of j?
4
Suppose 5*b - 14 + 244 = 0. Let t = -3 - b. What is the tens digit of t?
4
Suppose -6*t = -t - 10. Suppose -t*y + 49 + 21 = 0. Suppose -8*v = -3*v + 5*s - 25, -5*v + 5*s = -y. What is the units digit of v?
6
Let y = 0 - -1. Suppose -3*t - y = -4*z + 10, 9 = 2*z - 5*t. Suppose -5*h + z*r + 24 = 0, -4*h - 2*r + 0*r + 30 = 0. What is the units digit of h?
6
Suppose -11 = -a + 3. What is the units digit of a?
4
Suppose -3*z = 69 + 120. Let i = 99 + z. What is the tens digit of i?
3
Suppose -33 = -4*z - y, 5*z - 4 = 5*y + 6. Let u be 1 - 0 - (-2 + 0). Suppose u*p - 5 = z. What is the units digit of p?
4
Let x(m) = -3*m - 3. Let s = 4 - 1. Suppose -3 = s*d + 3. What is the units digit of x(d)?
3
Let l(b) = 2*b - 20. Let o(j) = -2*j + 20. Let r(g) = 2*l(g) + 3*o(g). What is the units digit of r(0)?
0
Let k = 116 - -49. Suppose 12*j - k = 7*j. What is the units digit of j?
3
Suppose c + 0*c = 13. Suppose -c = -z + 3. Suppose 4*t - z = -0. What is the units digit of t?
4
Let q(i) = 1 + 1 - 6 + 8*i. Let h be q(7). Suppose 0*f - h = -4*f. What is the units digit of f?
3
Suppose 0*h = -4*h + 72. Suppose h = 3*z - v - 0, -3 = -3*z - 4*v. What is the units digit of z?
5
Let d(s) = 63*s - 9. Let i be d(6). What is the tens digit of (i/36)/((-1)/(-4))?
4
Let v = 41 - 28. What is the units digit of v?
3
Let z(a) = 16*a**2 + a + 3. What is the units digit of z(2)?
9
Let g(o) = -28*o**3 - o**2 - 4. What is the tens digit of g(-2)?
1
Let c(p) = -p**3 + 8*p**2 + 2*p + 6. Let s be c(8). Suppose 2*r = 4*r - s. Suppose -y - 3 + r = 0. What is the units digit of y?
8
Le